{"id":457,"date":"2023-11-03T00:04:32","date_gmt":"2023-11-02T22:04:32","guid":{"rendered":"http:\/\/edenwoodduo.com\/?page_id=457"},"modified":"2025-09-19T15:48:06","modified_gmt":"2025-09-19T13:48:06","slug":"edenwood-duo-decouvrez-les-classiques-de-demain","status":"publish","type":"page","link":"https:\/\/edenwoodduo.com\/en\/","title":{"rendered":"Home"},"content":{"rendered":"<h2 class=\"wp-block-heading\">Edenwood Duo<\/h2>\n\n\n\n<blockquote class=\"wp-block-quote is-layout-flow wp-block-quote-is-layout-flow\">\n<div class=\"wp-block-group is-vertical is-layout-flex wp-container-core-group-is-layout-8cf370e7 wp-block-group-is-layout-flex\">\n<p><em>Pioneering in new repertoire.<\/em><\/p>\n\n\n\n<p><em>Falling in love with works that have never been explored before.<\/em>&nbsp;<\/p>\n\n\n\n<p><em>That's what drives the Edenwood Duo.<\/em><\/p>\n\n\n\n<p><em>Join us and we'll take you to new musical horizons!<\/em><\/p>\n\n\n\n<div style=\"height:87px\" aria-hidden=\"true\" class=\"wp-block-spacer wp-container-content-bd901535\"><\/div>\n<\/div>\n<\/blockquote>\n\n\n\n<h2 class=\"wp-block-heading has-accent-2-color has-sitebg-background-color has-text-color has-background has-link-color wp-elements-3e06fd87909285c6787557a143d4e18c\"><strong>In the press ...<\/strong><\/h2>\n\n\n\n<blockquote class=\"wp-block-quote is-layout-flow wp-block-quote-is-layout-flow\">\n<p>\u2018Catherine Struys et Wouter Vercruysse: deux passionn\u00e9s qui ouvrent de nouvelles voies, vers un r\u00e9pertoire dont on n\u2019avait m\u00eame pas conscience qu\u2019il pouvait exister\u2026\u00a0Un travail salutaire r\u00e9alis\u00e9 par deux musiciens inspir\u00e9s, \u00e0 la technique solide, et \u00e0 la po\u00e9sie puissante!\u2019<\/p>\n\n\n\n<p><strong>Laurent Graulus <\/strong><\/p>\n<cite><strong><a href=\"https:\/\/www.rtbf.be\/article\/le-duo-edenwood-ce-dimanche-a-midi-9781193\" target=\"_blank\" rel=\"noreferrer noopener\">Musiq\u20193 (BE, 10\/12\/2017)<\/a><\/strong><\/cite><\/blockquote>\n\n\n\n<div style=\"height:30px\" aria-hidden=\"true\" class=\"wp-block-spacer\"><\/div>\n\n\n\n<blockquote class=\"wp-block-quote is-layout-flow wp-block-quote-is-layout-flow\">\n<p>&lsquo;The two performers, guitarist Catherine Struys and cellist Wouter Vercruysse, display an easygoing musical relationship: their playing is assured, unhesitant, confident, and highly nuanced.&rsquo;<\/p>\n\n\n\n<p><strong>Mark Buller<\/strong><\/p>\n<cite><a href=\"https:\/\/www.earrelevant.net\/2019\/02\/cd-review-edenwood-duo-displays-assurance-nuance-in-another-place\/\"><strong>EarRelevant (US, 13\/02\/19)<\/strong><\/a><\/cite><\/blockquote>\n\n\n\n<div style=\"height:30px\" aria-hidden=\"true\" class=\"wp-block-spacer\"><\/div>\n\n\n\n<blockquote class=\"wp-block-quote is-layout-flow wp-block-quote-is-layout-flow\">\n<p>&lsquo;&#8230; die vitale, letzten Endes aber auch sehr poetische Interpretation des Edenwood Duos &#8230;&rsquo;<\/p>\n\n\n\n<p><strong>Remy Franck<\/strong><\/p>\n<cite><a href=\"https:\/\/www.pizzicato.lu\/leicht-und-blau-gitarre-und-cello\/\"><strong>Pizzicato (LU, 26\/01\/22)<\/strong><\/a><\/cite><\/blockquote>\n\n\n\n<div style=\"height:60px\" aria-hidden=\"true\" class=\"wp-block-spacer\"><\/div>\n\n\n\n<h2 class=\"wp-block-heading has-accent-2-color has-sitebg-background-color has-text-color has-background has-link-color wp-elements-c4e1d5b297e80d8e8a5960ad4accce82\"><strong>Words from the audience...<\/strong><\/h2>\n\n\n\n<blockquote class=\"wp-block-quote is-layout-flow wp-block-quote-is-layout-flow\">\n<p>'One of the best concerts we have seen! Fantastic! <\/p>\n<cite>Millegem (BE) 08\/05\/2022 Graham &amp; Josie<\/cite><\/blockquote>\n\n\n\n<p><\/p>\n\n\n\n<blockquote class=\"wp-block-quote is-layout-flow wp-block-quote-is-layout-flow\">\n<p>'A wonderful, magical concert!'<\/p>\n<cite>Jarnac (FR) 18.09.2023 Angela &amp; Kevin<\/cite><\/blockquote>\n\n\n\n<p><\/p>\n\n\n\n<blockquote class=\"wp-block-quote is-layout-flow wp-block-quote-is-layout-flow\">\n<p>'What a joy to discover you! The alchemy is subtle... the sound balance perfect... the blend of timbres... of sonorities... THANK YOU!'<\/p>\n<cite>Namur (BE) 12\/05\/2022 Nadine<\/cite><\/blockquote>\n\n\n\n<p><\/p>\n\n\n\n<blockquote class=\"wp-block-quote is-layout-flow wp-block-quote-is-layout-flow\">\n<p>'You start playing and time stops! You make us feel so much love and emotion! What sensitivity and symbiosis between you! You are magnificent!'<\/p>\n<cite>Mons (BE) 28\/10\/2021 Florence<\/cite><\/blockquote>\n\n\n\n<p><\/p>\n\n\n\n<blockquote class=\"wp-block-quote is-layout-flow wp-block-quote-is-layout-flow\">\n<p>'Superb musical moments with exceptional sounds and repertoire, played with great complicity and a remarkable quality of interpretation!'<\/p>\n<cite>Senergues (FR) 14\/07\/2021 Jean-Claude<\/cite><\/blockquote>\n\n\n\n<p><\/p>\n\n\n\n<figure class=\"wp-block-embed is-type-video is-provider-youtube wp-block-embed-youtube wp-embed-aspect-16-9 wp-has-aspect-ratio\"><div class=\"wp-block-embed__wrapper\">\n<iframe loading=\"lazy\" title=\"LUMINANCE - Nathan KOLOSKO - Edenwood duo (Cello Guitar Duo) CD ANOTHER PLACE\" width=\"760\" height=\"428\" src=\"https:\/\/www.youtube.com\/embed\/E-L60ggQ5RI?feature=oembed\" frameborder=\"0\" allow=\"accelerometer; autoplay; clipboard-write; encrypted-media; gyroscope; picture-in-picture; web-share\" referrerpolicy=\"strict-origin-when-cross-origin\" allowfullscreen><\/iframe>\n<\/div><\/figure>","protected":false},"excerpt":{"rendered":"<p>Edenwood Duo, d\u00e9couvrez les classiques de demain! Dans la presse&#8230; \u2018Catherine Struys et Wouter Vercruysse: deux passionn\u00e9s qui ouvrent de nouvelles voies, vers un r\u00e9pertoire &hellip;<\/p>","protected":false},"author":1,"featured_media":445,"parent":0,"menu_order":0,"comment_status":"closed","ping_status":"closed","template":"","meta":{"jetpack_post_was_ever_published":false,"footnotes":""},"class_list":["post-457","page","type-page","status-publish","has-post-thumbnail","hentry"],"jetpack-related-posts":[],"jetpack_sharing_enabled":true,"_links":{"self":[{"href":"https:\/\/edenwoodduo.com\/en\/wp-json\/wp\/v2\/pages\/457","targetHints":{"allow":["GET"]}}],"collection":[{"href":"https:\/\/edenwoodduo.com\/en\/wp-json\/wp\/v2\/pages"}],"about":[{"href":"https:\/\/edenwoodduo.com\/en\/wp-json\/wp\/v2\/types\/page"}],"author":[{"embeddable":true,"href":"https:\/\/edenwoodduo.com\/en\/wp-json\/wp\/v2\/users\/1"}],"replies":[{"embeddable":true,"href":"https:\/\/edenwoodduo.com\/en\/wp-json\/wp\/v2\/comments?post=457"}],"version-history":[{"count":37,"href":"https:\/\/edenwoodduo.com\/en\/wp-json\/wp\/v2\/pages\/457\/revisions"}],"predecessor-version":[{"id":744,"href":"https:\/\/edenwoodduo.com\/en\/wp-json\/wp\/v2\/pages\/457\/revisions\/744"}],"wp:featuredmedia":[{"embeddable":true,"href":"https:\/\/edenwoodduo.com\/en\/wp-json\/wp\/v2\/media\/445"}],"wp:attachment":[{"href":"https:\/\/edenwoodduo.com\/en\/wp-json\/wp\/v2\/media?parent=457"}],"curies":[{"name":"wp","href":"https:\/\/api.w.org\/{rel}","templated":true}]}}

<h2 class="wp-block-heading">Edenwood Duo</h2>



<blockquote class="wp-block-quote is-layout-flow wp-block-quote-is-layout-flow">
<div class="wp-block-group is-vertical is-layout-flex wp-container-core-group-is-layout-8cf370e7 wp-block-group-is-layout-flex">
<p><em>Pioneering in new repertoire.</em></p>



<p><em>Falling in love with works that have never been explored before.</em>&nbsp;</p>



<p><em>That's what drives the Edenwood Duo.</em></p>



<p><em>Join us and we'll take you to new musical horizons!</em></p>



<div style="height:87px" aria-hidden="true" class="wp-block-spacer wp-container-content-bd901535"></div>
</div>
</blockquote>



<h2 class="wp-block-heading has-accent-2-color has-sitebg-background-color has-text-color has-background has-link-color wp-elements-3e06fd87909285c6787557a143d4e18c"><strong>In the press ...</strong></h2>



<blockquote class="wp-block-quote is-layout-flow wp-block-quote-is-layout-flow">
<p>‘Catherine Struys et Wouter Vercruysse: deux passionnés qui ouvrent de nouvelles voies, vers un répertoire dont on n’avait même pas conscience qu’il pouvait exister… Un travail salutaire réalisé par deux musiciens inspirés, à la technique solide, et à la poésie puissante!’</p>



<p><strong>Laurent Graulus </strong></p>
<cite><strong><a href="https://www.rtbf.be/article/le-duo-edenwood-ce-dimanche-a-midi-9781193" target="_blank" rel="noreferrer noopener">Musiq’3 (BE, 10/12/2017)</a></strong></cite></blockquote>



<div style="height:30px" aria-hidden="true" class="wp-block-spacer"></div>



<blockquote class="wp-block-quote is-layout-flow wp-block-quote-is-layout-flow">
<p>&lsquo;The two performers, guitarist Catherine Struys and cellist Wouter Vercruysse, display an easygoing musical relationship: their playing is assured, unhesitant, confident, and highly nuanced.&rsquo;</p>



<p><strong>Mark Buller</strong></p>
<cite><a href="https://www.earrelevant.net/2019/02/cd-review-edenwood-duo-displays-assurance-nuance-in-another-place/"><strong>EarRelevant (US, 13/02/19)</strong></a></cite></blockquote>



<div style="height:30px" aria-hidden="true" class="wp-block-spacer"></div>



<blockquote class="wp-block-quote is-layout-flow wp-block-quote-is-layout-flow">
<p>&lsquo;&#8230; die vitale, letzten Endes aber auch sehr poetische Interpretation des Edenwood Duos &#8230;&rsquo;</p>



<p><strong>Remy Franck</strong></p>
<cite><a href="https://www.pizzicato.lu/leicht-und-blau-gitarre-und-cello/"><strong>Pizzicato (LU, 26/01/22)</strong></a></cite></blockquote>



<div style="height:60px" aria-hidden="true" class="wp-block-spacer"></div>



<h2 class="wp-block-heading has-accent-2-color has-sitebg-background-color has-text-color has-background has-link-color wp-elements-c4e1d5b297e80d8e8a5960ad4accce82"><strong>Words from the audience...</strong></h2>



<blockquote class="wp-block-quote is-layout-flow wp-block-quote-is-layout-flow">
<p>'One of the best concerts we have seen! Fantastic! </p>
<cite>Millegem (BE) 08/05/2022 Graham &amp; Josie</cite></blockquote>



<p></p>



<blockquote class="wp-block-quote is-layout-flow wp-block-quote-is-layout-flow">
<p>'A wonderful, magical concert!'</p>
<cite>Jarnac (FR) 18.09.2023 Angela &amp; Kevin</cite></blockquote>



<p></p>



<blockquote class="wp-block-quote is-layout-flow wp-block-quote-is-layout-flow">
<p>'What a joy to discover you! The alchemy is subtle... the sound balance perfect... the blend of timbres... of sonorities... THANK YOU!'</p>
<cite>Namur (BE) 12/05/2022 Nadine</cite></blockquote>



<p></p>



<blockquote class="wp-block-quote is-layout-flow wp-block-quote-is-layout-flow">
<p>'You start playing and time stops! You make us feel so much love and emotion! What sensitivity and symbiosis between you! You are magnificent!'</p>
<cite>Mons (BE) 28/10/2021 Florence</cite></blockquote>



<p></p>



<blockquote class="wp-block-quote is-layout-flow wp-block-quote-is-layout-flow">
<p>'Superb musical moments with exceptional sounds and repertoire, played with great complicity and a remarkable quality of interpretation!'</p>
<cite>Senergues (FR) 14/07/2021 Jean-Claude</cite></blockquote>



<p></p>



<figure class="wp-block-embed is-type-video is-provider-youtube wp-block-embed-youtube wp-embed-aspect-16-9 wp-has-aspect-ratio"><div class="wp-block-embed__wrapper">
<iframe loading="lazy" title="LUMINANCE - Nathan KOLOSKO - Edenwood duo (Cello Guitar Duo) CD ANOTHER PLACE" width="760" height="428" src="https://www.youtube.com/embed/E-L60ggQ5RI?feature=oembed" frameborder="0" allow="accelerometer; autoplay; clipboard-write; encrypted-media; gyroscope; picture-in-picture; web-share" referrerpolicy="strict-origin-when-cross-origin" allowfullscreen></iframe>
</div></figure>

<p>Edenwood Duo, découvrez les classiques de demain! Dans la presse&#8230; ‘Catherine Struys et Wouter Vercruysse: deux passionnés qui ouvrent de nouvelles voies, vers un répertoire &hellip;</p>
